2355 (base 8) to base 12
153a5
What is 393 (base 12) in base 4?
20133
Convert 3020 (base 5) to base 10.
385
Convert 309 (base 11) to base 4.
11310
Convert -22208 (base 14) to base 10.
-82720
What is -170 (base 15) in base 10?
-330
Convert 194 (base 14) to base 6.
1302
Convert 516 (base 7) to base 3.
100120
Convert 360 (base 13) to base 14.
2db
What is -756 (base 8) in base 11?
-40a
What is 22861 (base 9) in base 7?
62362
Convert -6f02 (base 16) to base 6.
-335322
-3124 (base 6) to base 2
-1010111100
Convert -42303 (base 6) to base 9.
-7763
What is 3313130 (base 4) in base 9?
23645
10123212 (base 4) to base 15
55a0
Convert 10001011110011 (base 2) to base 13.
40c3
Convert -46471 (base 9) to base 4.
-13210132
Convert -1735 (base 16) to base 9.
-8131
Convert -1023022 (base 4) to base 14.
-1a78
Convert -130102 (base 4) to base 9.
-2431
115b5 (base 14) to base 3
2011000122
410 (base 6) to base 14
aa
Convert 54c (base 13) to base 7.
2436
Convert 1314 (base 10) to base 13.
7a1
What is 21375 (base 9) in base 14?
5238
What is -1020320 (base 4) in base 5?
-122124
What is 1a8c (base 15) in base 7?
22533
Convert -543 (base 14) to base 11.
-865
What is 51642 (base 7) in base 6?
134400
What is -21220 (base 3) in base 15?
-e3
10122123 (base 4) to base 11
12642
What is -b9a (base 12) in base 11?
-1308
What is fe (base 16) in base 14?
142
a439 (base 16) to base 12
203b5
11432 (base 7) to base 5
43323
-355 (base 15) to base 9
-1028
-49376 (base 11) to base 5
-4232424
-22538 (base 12) to base 10
-45692
What is 56376 (base 10) in base 13?
1c878
7248 (base 9) to base 11
3a97
53454 (base 6) to base 11
5542
-2b7a (base 14) to base 6
-55520
What is -20300 (base 4) in base 10?
-560
-4948 (base 10) to base 11
-3799
Convert 12212 (base 4) to base 6.
1542
23697 (base 10) to base 11
16893
Convert -30bc (base 13) to base 16.
-1a5a
-61333 (base 7) to base 2
-11101001001000
What is 320023 (base 4) in base 12?
20b7
172 (base 16) to base 6
1414
Convert -19b (base 15) to base 4.
-11303
What is 10133 (base 5) in base 14?
35a
What is 1122130 (base 4) in base 5?
141123
Convert 57a (base 12) to base 15.
394
What is -110100100 (base 2) in base 5?
-3140
Convert -414b (base 14) to base 6.
-124011
Convert -28d2 (base 15) to base 14.
-328b
Convert -32553 (base 6) to base 8.
-10665
What is -46b8 (base 12) in base 3?
-101212012
10302 (base 6) to base 9
1832
Convert 2012 (base 12) to base 15.
1065
What is 2036 (base 13) in base 7?
15641
1320301 (base 4) to base 8
17061
-375 (base 9) to base 3
-102112
-5082 (base 14) to base 5
-420314
Convert 100212020 (base 3) to base 16.
1c14
Convert 5177 (base 10) to base 9.
7082
What is 2121012002 (base 3) in base 13?
1a39c
What is -12b47 (base 13) in base 15?
-a4ed
-4a97 (base 15) to base 10
-15892
Convert 114424 (base 5) to base 7.
15503
100010111111000 (base 2) to base 11
12504
Convert 1370 (base 12) to base 8.
4304
474 (base 11) to base 5
4230
5505 (base 7) to base 6
13033
-11011100100 (base 2) to base 16
-6e4
Convert -b27 (base 15) to base 8.
-4720
What is 2994 (base 10) in base 8?
5662
Convert -14166 (base 9) to base 8.
-22622
-1402 (base 6) to base 16
-16a
-1030201 (base 4) to base 10
-4897
What is -2210031 (base 4) in base 7?
-42432
-1000112202 (base 3) to base 11
-140a6
What is 10211000 (base 3) in base 11?
20a9
What is -2327 (base 13) in base 4?
-1031012
-420 (base 10) to base 4
-12210
What is 1 (base 2) in base 5?
1
-11402 (base 7) to base 3
-11000222
301 (base 8) to base 9
234
What is -265 (base 7) in base 3?
-12101
Convert -43f9 (base 16) to base 2.
-100001111111001
What is 91 (base 11) in base 14?
72
-55 (base 13) to base 11
-64
Convert 116 (base 15) to base 6.
1050
What is -12122 (base 8) in base 14?
-1c78
Convert 384 (base 10) to base 4.
12000
-109b0 (base 12) to base 14
-8112
What is -408b (base 15) in base 3?
-200200212
What is 122d (base 16) in base 4?
1020231
What is -453 (base 13) in base 5?
-10434
What is 11213301 (base 4) in base 6?
254333
Convert -357 (base 16) to base 4.
-31113
-401305 (base 6) to base 5
-2001213
410 (base 16) to base 13
620
-53101 (base 8) to base 10
-22081
What is 86d (base 16) in base 4?
201231
What is 177c9 (base 13) in base 11?
31031
-248 (base 10) to base 2
-11111000
Convert -1b065 (base 15) to base 14.
-24029
75a4 (base 15) to base 7
132415
Convert -2641 (base 7) to base 4.
-33301
222650 (base 7) to base 3
2000002102
Convert 446 (base 11) to base 12.
386
-17673 (base 10) to base 6
-213453
What is 2aa7 (base 16) in base 5?
322134
-9b80 (base 12) to base 5
-1022412
63 (base 9) to base 13
45
-111111101101010 (base 2) to base 3
-1122202002
What is -2a3 (base 13) in base 7?
-1242
22 (base 11) to base 8
30
Convert 71203 (base 8) to base 2.
111001010000011
Convert -5332 (base 11) to base 6.
-52353
Convert 1012210 (base 3) to base 2.
1101110101
121233 (base 4) to base 11
1268
What is 352 (base 12) in base 15?
22e
What is 6bd1 (base 15) in base 14?
84d3
What is -4505 (base 10) in base 5?
-121010
1590 (base 10) to base 7
4431
Convert 2782 (base 10) to base 15.
c57
-3811 (base 13) to base 4
-1330111
Convert -1b6 (base 13) to base 5.
-2233
Convert -a49 (base 13) to base 4.
-123113
32c5 (base 14) to base 13
4009
What is -102211201 (base 3) in base 13?
-3c10
Convert 1a3 (base 16) to base 3.
120112
Convert -1130032 (base 4) to base 12.
-34ba
1819 (base 14) to base 3
12221120
-1b5ab (base 14) to base 10
-69731
Convert -98 (base 11) to base 12.
-8b
Convert 514 (base 10) to base 9.
631
Convert -401 (base 8) to base 5.
-2012
What is -153 (base 9) in base 6?
-333
-120038 (base 9) to base 4
-101220032
-1011111 (base 2) to base 6
-235
3b2 (base 12) to base 8
1066
What is 6037 (base 8) in base 12?
1967
What is 1128 (base 9) in base 8?
1504
Convert 12001200 (base 3) to base 12.
2176
What is 220021 (base 3) in base 12?
467
326010 (base 7) to base 8
157710
-5504 (base 8) to base 7
-11260
478 (base 15) to base 2
1111110101
Convert 8683 (base 14) to base 4.
11223023
Convert -2101 (base 11) to base 6.
-20520
Convert 4667 (base 8) to base 10.
2487
Convert -a8b (base 12) to base 2.
-11000001011
-103223 (base 4) to base 2
-10011101011
What is -4223 (base 6) in base 3?
-1022020
Convert 1135 (base 7) to base 9.
514
Convert 2577 (base 15) to base 7.
32200
Convert -568 (base 12) to base 10.
-800
-400 (base 8) to base 6
-1104
What is -353 (base 12) in base 5?
-3440
892 (base 16) to base 11
1715
Convert -303260 (base 7) to base 10.
-51590
-8839 (base 11) to base 9
-16883
Convert 11111101011 (base 2) to base 8.
3753
1001010010 (base 2) to base 3
211000
What is -11918 (base 13) in base 10?
-32300
What is -122011011 (base 3) in base 9?
-18134
What is -3a57 (base 12) in base 7?
-25336
What is 16357 (base 11) in base 4?
11220030
22a30 (base 11) to base 15
9c77
16144 (base 7) to base 11
3458
12a9 (base 14) to base 6
23113
Convert -5ab3 (base 15) to base 16.
-4b5d
4517 (base 11) to base 16
173b
What is 11110101 (base 2) in base 7?
500
Convert -609 (base 11) to base 16.
-2df
35759 (base 12) to base 9
118586
Convert -3230 (base 6) to base 7.
-2103
3000 (base 5) to base 12
273
Convert 28957 (base 10) to base 3.
1110201111
Convert 519 (base 13) to base 4.
31203
What is -1033300 (base 4) in base 15?
-17a4
What is 30c0 (base 14) in base 9?
12463
-3d1d (base 15) to base 11
-990a
3ca (base 13) to base 7
1651
What is -4100 (base 5) in base 14?
-297
159a1 (base 11) to base 14
82ac
What is -23860 (base 10) in base 4?
-11310310
What is -13331220 (base 4) in base 14?
-bc5a
What is -11 (base 10) in base 8?
-13
Convert a96a (base 13) to base 16.
5c1b
-260 (base 8) to base 15
-bb
Convert 205 (base 13) to base 3.
110201
1827 (base 10) to base 14
947
What is -28b (base 15) in base 7?
-1460
-451 (base 12) to base 9
-777
What is -26 (base 11) in base 13?
-22
Convert -1 (base 10) to base 12.
-1
What is 21166 (base 7) in base 15?
1847
-100100012 (base 3) to base 10
-6809
What is -21c3 (base 13) in base 10?
-4722
What is 30223 (base 4) in base 9?
1101
Convert 21021011 (base 3) to base 14.
1d04
111123 (base 4) to base 5
20441
265451 (base 7) to base 15
ec12
45c (base 13) to base 16
2f1
Convert -2ab7 (base 12) to base 13.
-23a4
Convert 45c3 (base 15) to base 10.
14808
Convert 3133 (base 16) to base 4.
3010303
Convert 2897 (base 12) to base 6.
33511
What is 36ac (base 13